ors of u?
2
Let v = 118 - 52. List the prime factors of v.
2, 3, 11
Let a be ((-9)/(-12))/((-1)/(-8)). Suppose -3*j + a*j - 3 = 0. Suppose 60 = 5*d - 5*y, 3*y - j + 46 = 4*d. List the prime factors of d.
3
Suppose 37 = -4*f - 2*d - 3, 2*f - 3*d + 4 = 0. Let w = -38 - -61. Let n = w + f. List the prime factors of n.
3, 5
Suppose 0 = -k - 3*i - 2*i + 210, -k + 4*i = -174. What are the prime factors of k?
2, 5, 19
Suppose -179 + 25 = -q. List the prime factors of q.
2, 7, 11
Let b(s) = -s - 3 - 3 + 3. Let f = -25 - -18. List the prime factors of b(f).
2
Let i = 18 + -8. Let p = i - -16. List the prime factors of p.
2, 13
Let p = 3 - 1. Suppose 3*r = 2 + 7, 0 = p*q - r - 27. What are the prime factors of q?
3, 5
Suppose 4*w - 5 - 3 = 0. What are the prime factors of w?
2
Let d(h) = 15*h - 3. Let l be d(-3). Let p = -19 - l. What are the prime factors of p?
29
List the prime factors of 3/(-15)*-2*235.
2, 47
Suppose 6*t = 10*t - 60. List the prime factors of t.
3, 5
Suppose -5*y + 17 = 4*m, -m + 2*m = -4*y + 18. Suppose -y*k + 13 = 6*h - 3*h, 53 = 3*h - 5*k. What are the prime factors of h?
11
Let x(z) = z**3 - 3*z**2 - 5*z + 3. Let u be x(4). Let f be 0/2 - (u - 1). Let s = 4 - f. List the prime factors of s.
2
Let b(y) = 7*y. Let r be b(-7). Let f be 23/7 - (-14)/r. Suppose -56 = -f*h - 4*z, -3*z + 2*z + 5 = 0. What are the prime factors of h?
2, 3
Let z be (-1)/(((-4)/(-22))/(-2)). Let m = -31 - -34. Let w = z - m. List the prime factors of w.
2
Let i(u) = -u**2 + u + 36. Let l be 8/12 - (-4)/(-6). Let x be i(l). Suppose -3*q + 4 = -j - 43, 0 = -4*q - 4*j + x. List the prime factors of q.
2, 7
List the prime factors of 20/80 - 203/(-4).
3, 17
Suppose 730 = 4*g - 194. What are the prime factors of g?
3, 7, 11
Let n(o) = 13*o + 34. What are the prime factors of n(18)?
2, 67
Let w = -49 - -97. Suppose -w = -5*z + 17. List the prime factors of z.
13
Let m(s) = -s + 1. Let w(n) = -n + 7. Let x be w(6). Let h be m(x). Suppose -2*o + h*o + 12 = 0. What are the prime factors of o?
2, 3
Suppose -2*f = -3*y - 158, 0 = -2*y + 3 + 1. Let w = f + -59. List the prime factors of w.
23
Let w(d) = 2*d**2 - 7*d + 6. Suppose -5*j + 3*j = -10. List the prime factors of w(j).
3, 7
Let w = 1012 + -682. List the prime factors of w.
2, 3, 5, 11
Let w be -35 - 2 - 6/3. Let f = -21 - w. What are the prime factors of f?
2, 3
Let h(f) = -f**3 - 14*f**2 - 3*f - 10. List the prime factors of h(-14).
2
Let b = -93 - -146. What are the prime factors of b?
53
Let i = -2 - -4. Let c(b) = 3*b**3 + 3*b**2 - 4*b + 2. Let f(s) = 4*s**3 + 3*s**2 - 4*s + 2. Let a(d) = -5*c(d) + 4*f(d). What are the prime factors of a(i)?
2
Let k be (22 - 5) + 2*-1. Let c be (-99)/2*(-10)/k. Let v = -19 + c. What are the prime factors of v?
2, 7
Let r(o) = 3*o**2 + 3*o - 3. Let k be r(-4). Let c = k + -3. List the prime factors of c/(-4)*4/(-5).
2, 3
Suppose q - 5 = 6*q, 5*v + 4*q - 6 = 0. List the prime factors of v.
2
Let h(w) = w**2 + 4*w. Let p be h(-5). What are the prime factors of p/(-15) - 37/(-3)?
2, 3
Suppose 2*q + 24 = -3*o, 7*q = -4*o + 3*q - 36. Let b = o - -17. What are the prime factors of b?
11
Suppose 2*p - 9 = 7. Suppose h + 11 = n + 4*h, n - p = -2*h. Suppose 5*r - 20 = n*j, 3*r + 5*j + 2 = -17. List the prime factors of r.
2
Let b = 26 - 14. What are the prime factors of b?
2, 3
Let g be 1/(1/(-39)*-3). Let f = 28 - g. What are the prime factors of f?
3, 5
Suppose 3*m - 123 = -2*g, 3*g = 4*g + 2*m - 59. List the prime factors of g.
3, 23
Suppose -5*r = -35 + 15. Suppose -r = -4*l + 3*l. List the prime factors of l.
2
Suppose 5*g = 6*g - 16. List the prime factors of g.
2
Suppose 0 = -4*l + 17 + 19. Suppose 5*w - 111 = -4*y, -2*y + 5*w + 24 + l = 0. Suppose 4*s - 2*s - y = -4*o, 3*s - 39 = -3*o. What are the prime factors of s?
2, 7
Suppose l + 4*l = -2*v + 2, -2*l - 19 = 3*v. Let c(n) = n**2 + 8*n - 6. Let s be c(v). Suppose -s*z - 4 = -16. List the prime factors of z.
2
Let z(x) = -2*x + 6. What are the prime factors of z(-13)?
2
Let m be 5*(-12)/(-8)*-2. Suppose -7 + 28 = k. Let y = m + k. What are the prime factors of y?
2, 3
Let n(r) = -8*r - 1. Let q be n(-2). Suppose -2*v + 3 = -q. List the prime factors of v.
3
Let c(l) = -l**2 - 8*l - 3. Suppose 5*g + 5*o - 15 = 0, 2 + 1 = 3*g - 3*o. Suppose g*f + 10 = -0. List the prime factors of c(f).
2, 3
Let t be (-234)/(-2 + -1 - -1). What are the prime factors of t/5 - 2/5?
23
Suppose -3*w - 17 = -0*h - 2*h, -h - 5*w - 11 = 0. Suppose 5*g + 2*i = 256, -3*g + 5*g = h*i + 112. What are the prime factors of g?
2, 13
Let z(l) = l**3 - 6*l**2 - 6*l - 3. Let t be z(7). Suppose 9 = t*x - 7. List the prime factors of (-10)/x*36/(-10).
3
Let k = -28 - -57. List the prime factors of k.
29
Suppose o = 3, -c = 3*c + 2*o - 38. List the prime factors of c.
2
Let v = -16 - -32. Suppose 0 = 3*o - 5 - v. What are the prime factors of o?
7
What are the prime factors of 1*206*96/64?
3, 103
Let q be (-5)/((8/(-6))/4). Let p = -9 + q. Let m = p + 2. What are the prime factors of m?
2
Let f = 12 - -4. List the prime factors of f.
2
Suppose -2*i = 3*b - 144, 3*i - 4*b = i + 172. Suppose 0 = 3*d - d - i. What are the prime factors of d?
3, 13
Suppose 2*i - 16 = z + 87, -2*z - 104 = -2*i. List the prime factors of i.
3, 17
Suppose -4*n - 3*d = 182, 2*d + 140 = -3*n - 2*d. Let l be -1*5*n/5. Suppose 4*w = -0*w + l. List the prime factors of w.
11
Let d(h) = -h**3 - 4*h**2 + 5*h - 4. What are the prime factors of d(-6)?
2, 19
Suppose q + 4*u + 8 = 0, -2*u + 2 = 4*q - 3*u. Suppose 3*i = 2*g + 5, -2*i = -q*i - 6. Suppose 30 - g = 2*v. List the prime factors of v.
2, 7
Suppose 5*h + 71 - 226 = 0. List the prime factors of h.
31
Let p(h) be the third derivative of -3*h**2 + 0*h - 1/6*h**3 + 0*h**4 + 0 + 1/60*h**5. List the prime factors of p(-2).
3
Let o(s) = -s - s + 5*s - 4. Suppose -12*k + 13*k = 5. List the prime factors of o(k).
11
Suppose 12 + 12 = 2*m. What are the prime factors of (m/(-10))/((-8)/100)?
3, 5
Let d = -13 - -18. What are the prime factors of d?
5
Suppose -3*g = -8*g. Suppose 30 = 3*b - g. List the prime factors of b.
2, 5
Let u(w) be the first derivative of -3*w**2/2 - 5*w - 1. Suppose -5*y = 2*x - x - 10, x = 4*y - 17. List the prime factors of u(x).
2, 5
Suppose -c = 4*p - 34, 3*c = -p - c + 16. Suppose -p*i + 12 = -4*i. Suppose 4*v = i + 9. List the prime factors of v.
3
Suppose -2*v - 15 = 107. Let q = v + 104. List the prime factors of q.
43
Suppose 0 = 4*b - 849 - 655. What are the prime factors of b?
2, 47
Let k(v) = v**2 - v + 2. Let x be k(0). Suppose -5*b - x*u + 65 = 0, -3*b - u + 2*u + 39 = 0. List the prime factors of b.
13
Let g(b) = 17*b**3 - b. Let k(d) = d**2 + 3*d - 2. Let r be k(-4). Suppose -7 = 3*m - r*u, 3*u = -3*m + m + 17. List the prime factors of g(m).
2
What are the prime factors of ((-42)/9)/(4/(-18))?
3, 7
Let i = 9 - 8. Suppose 2*j - 2*t - 8 = 0, -i + 3 = -t. List the prime factors of j.
2
Suppose -3*z + 37 + 23 = 0. Suppose -w - 4*w = z. What are the prime factors of -2*(-3 + 4)*w?
2
Let c(v) = v + 125. Let q be c(0). Suppose q = 18*k - 13*k. What are the prime factors of k?
5
Let k = -64 + 173. List the prime factors of k.
109
Suppose 0*b + 6 = -2*h - 2*b, -b = 1. Suppose 3*y = 3*a, y - 25 = -a - 3*a. Let k = y - h. List the prime factors of k.
7
Suppose 2*t - 50 = 54. Suppose 3*d + 2*g - t = 0, -8 = -0*d - 2*d + 4*g. List the prime factors of d.
2, 7
Let a = -118 + 200. What are the prime factors of a?
2, 41
Let y be (-7)/7 + 0 + -1. List the prime factors of y - -3 - (3 + -29).
3
Let u(f) = 11*f + 12. Let q(c) be the second derivative of -5*c**3/6 - 3*c**2 + 3*c. Let k(h) = 7*q(h) + 3*u(h). List the prime factors of k(-8).
2, 5
Suppose 0 = -0*a - 4*a + 72. Suppose 10 = 5*d, 3*d - a = 4*m - 0*d. List the prime factors of (-2)/(-6) + (-11)/m.
2
Let z(s) = 4*s**2 + s + 1. Let d be z(-1). Suppose -d*a - 28 = -8*a. List the prime factors of a.
7
Suppose -2*t + 17 = -1. What are the prime factors of 51/t + (-1)/(-3)?
2, 3
Let m = 26 - -33. List the prime factors of m.
59
What are the prime factors of 22/(-33) - (-304)/6?
2, 5
Let d(s) be the first derivative of -s**5/120 + 5*s**4/12 - s**3/3 - 2. Let i(m) be the third derivative of d(m). List the prime factors of i(0).
2, 5
Let s(m) = 12*m**3 + 2*m**2 - 1. Let q